t g be -1 + 0 - (-12 + -1). Suppose -5 = j + 4*s, -2*j = -0*j - 3*s - 12. Suppose -3*u - j = -g. What are the prime factors of u?
3
Let i(k) = k**2 + 4*k - 7. Let c be i(-6). Let s be (12/(-15))/(4/(-10)). Suppose 0*v - 3*v - c*y = -52, -46 = -3*v - s*y. List the prime factors of v.
2, 7
Suppose -7 = -5*u + 13. Suppose -u*a = -16 - 0. What are the prime factors of a?
2
Suppose -95 = -6*w + w. Let a = 37 - 32. Suppose -a*i + 26 = -w. What are the prime factors of i?
3
Suppose 2*k + 2*q = 14, 0 = 5*k - 3*q + 2*q - 11. Suppose k*n + 8 = 7*n. What are the prime factors of 16 + 1 + n + -1?
2, 3
Let g(f) be the second derivative of -f**5/20 - 2*f**4/3 - 3*f**3/2 - 3*f**2/2 - 7*f. Suppose 16 + 5 = -3*l. List the prime factors of g(l).
11
Suppose -v - 11 = 10. Let o be v*(4/(-3) - -1). Suppose 2*j - 15 = o. List the prime factors of j.
11
Suppose 5*a = 11 - 1. Let o be -1 + -3 - (-2 + a). Let c(r) = -r**2 - 7*r. What are the prime factors of c(o)?
2, 3
Let o(x) = -9*x**3 - 4*x**2 - 5*x - 4. List the prime factors of o(-2).
2, 31
Let x(t) = t - 6. Let h be x(6). Suppose h = -2*s - 0 + 24. What are the prime factors of s?
2, 3
Let h be 6/8 - 105/28. Let q be 3 - (4*-1 + h). What are the prime factors of ((-4)/(-6))/(q/135)?
3
Let z(i) = -i**2 - 6*i + 8. Let a be z(-7). Let c be a/(((-3)/(-2))/3). Suppose 0*w - 5*w = -10, -c*s = -3*w - 16. List the prime factors of s.
11
Suppose q = 9 - 5. Suppose -55 = -q*r + 65. List the prime factors of r.
2, 3, 5
Let x(w) = 4*w**2 - w - 1. Suppose 5*y - 12 = 3*z - z, 2*z - 2*y + 6 = 0. Let s be x(z). Let r = -1 + s. What are the prime factors of r?
3
Let v(n) = -n**2 + 4*n + 5. Let u be v(6). Let r(y) = 4*y - 9. Let z(w) = -3*w + 8. Let m(t) = -4*r(t) - 5*z(t). What are the prime factors of m(u)?
3
Let h = 1 + -1. Suppose l + 4*l - 65 = h. List the prime factors of l.
13
Let w(x) = -3*x - 10. Let g be w(-8). Suppose 3*m - 2*m = g. List the prime factors of m.
2, 7
Let j(a) = 9*a**2 + 2*a + 2. Let w be j(-2). Let v = -19 + w. Suppose -2*q + v = q. What are the prime factors of q?
5
Let c(u) = -2*u - 4. Let w be c(-3). Suppose w*n + 4*j + 51 = 5*n, 4*j - 33 = -n. What are the prime factors of n?
3, 7
Suppose -2*d - 11 = -0*d + 3*f, -4*d + f = -13. Let m(w) = -4*w + 3*w**2 - 2 + 5*w - d*w**2. What are the prime factors of m(-3)?
2
Let o(q) = q**3 - 5*q**2 + 5*q - 2. Suppose -14 - 6 = -5*g. Let m be o(g). Suppose 3*f + m*s - 26 = 0, 3*f - 3*s - 1 = 5. List the prime factors of f.
2, 3
Let d(y) = -7*y + 9. Let v(a) = 14*a - 17. Let f(n) = 5*d(n) + 3*v(n). What are the prime factors of f(4)?
2, 11
Suppose 0 = 4*c - y - 519, -c - y = 2*c - 398. List the prime factors of c.
131
Let d = 93 - 47. List the prime factors of d.
2, 23
Let r = -16 + 28. What are the prime factors of r?
2, 3
Let f(q) = q**2 - 3*q - 7. Suppose 10 = -2*l, 0 = 2*t - 5*l - 14 - 23. List the prime factors of f(t).
11
Suppose -3 = g - 7. Suppose g*i = -0*i + 24. Let y = i - 2. List the prime factors of y.
2
Suppose -18*t - 156 = -3576. What are the prime factors of t?
2, 5, 19
Let w = 42 + 44. List the prime factors of w.
2, 43
Let p = -11 + 55. What are the prime factors of 4/(-6) + p/12?
3
Let r be 0/4 - (-10)/2. Suppose -2*s = -r*u + 27, 5*s + 4*u = 3*u - 54. Let a = s - -18. What are the prime factors of a?
7
Let t(k) = k**3 - 4*k**2 - 1. List the prime factors of t(6).
71
Suppose 2*s + 2 = -3*y - 8, -2*s + 2*y = 0. What are the prime factors of 14 + s*(-3)/(-6)?
13
Let k(z) = -2*z + 9. Let r(y) = -2*y + 8. Let q(j) = 4*k(j) - 5*r(j). Let o be q(3). Suppose o*g = g + 4. List the prime factors of g.
2
Let y be (7/2)/(1/14). Suppose -9 = 4*d - y. List the prime factors of d.
2, 5
Suppose -148 = -3*h + 239. What are the prime factors of h?
3, 43
Suppose w + 2*w = 252. Let y = 118 - w. What are the prime factors of y?
2, 17
Suppose 0*n - n = 2*s - 8, 12 = 2*s + 2*n. What are the prime factors of (5/s)/((-1)/(-6))?
3, 5
Let t(f) = -f**2 - 9*f + 14. Let k be t(-10). Let z = -1 + k. List the prime factors of z.
3
Suppose -q = 2*q - 36. Suppose 0 = -a - 0*a + q. What are the prime factors of a?
2, 3
Let l = 7 - 13. Let s be l/(-21) - (-38)/14. Suppose 2*u - 40 = -3*b + s*u, 0 = 3*u + 12. List the prime factors of b.
2, 3
Let v(n) = n**3 + 3*n**2 + 3. What are the prime factors of v(-3)?
3
Suppose 0*l - 4*l + 8 = 2*k, 3*k + l = 2. Suppose -2*i = -k*i - 36. What are the prime factors of i?
2, 3
Let k(i) = i - 13. Suppose 3*c - 1 = 20. Let h be k(c). List the prime factors of 20/h*36/(-10).
2, 3
Suppose 5*r - 57 = 4*r. List the prime factors of r.
3, 19
Suppose -6*x + 702 + 276 = 0. What are the prime factors of x?
163
Suppose -3*j - 2*u = -69, 3*j + 4*u + 17 = 86. Suppose 5*z + r - 45 = -14, 3*z + 5*r = j. What are the prime factors of z?
2, 3
Suppose 5*p = 3*o + 7, 4 + 10 = 5*p + 4*o. Suppose 5*t - 4*a + 42 = 0, -p*t - 4*a - 12 = 2*t. Let x = 11 + t. List the prime factors of x.
5
Suppose -3*f + 49 = 37. Let h(z) = z**2 - 6 + 2 - 2*z**2 + 8*z. What are the prime factors of h(f)?
2, 3
Let m(p) = -8 + 10*p + 16 - 9*p**2 + p**3 - p**2. List the prime factors of m(9).
17
Let j = 6 + -3. Suppose -9 = -6*n + j*n. List the prime factors of n.
3
Suppose 8 = -2*g - 6. Let t = g - -11. What are the prime factors of t?
2
Suppose 0*c - 5*c + 322 = 3*v, 0 = c - 2*v - 54. What are the prime factors of c/3 + 2/6?
3, 7
Let k = 24 - 9. Suppose -k = 3*o - 129. What are the prime factors of o?
2, 19
Let m be 0/(-2)*2/(-4). Suppose m = 4*w - g - 7 - 12, 5*w + g = 26. What are the prime factors of w?
5
Let y(i) = -i + 3. Let v be y(-8). Let d = v - 8. What are the prime factors of d?
3
Let n = -16 - -10. What are the prime factors of 24 + (n + 1 - -2)?
3, 7
Let d(h) = -15*h**2 - 2*h - 1. Let l be d(-1). Let o = l + 30. List the prime factors of o.
2
Let t(a) = -a**3 + 4*a**2 + 3. Let p be t(4). What are the prime factors of (-21)/(p*(-1)/2)?
2, 7
Let w = -31 + 103. Suppose -2*m + r = 7, -3*r = -2*m + m + 9. List the prime factors of w/m*2/(-8).
3
Let z = -23 - -71. List the prime factors of z.
2, 3
Suppose -3*y = -138 - 18. Suppose -5*q - 11 = -3*m - y, -3*q - m + 19 = 0. List the prime factors of q.
7
Let y(f) = 3*f - 16. Let k(d) = -d**3 + 6*d**2 + d + 6. Let t be k(6). What are the prime factors of y(t)?
2, 5
Let a = 31 - 7. List the prime factors of a.
2, 3
Suppose h + 126 = 5*h + 3*t, 3*t + 144 = 5*h. What are the prime factors of h?
2, 3, 5
Let x be ((-3)/(-4))/(1/4). Suppose -x*m = -4*s - 0*m + 5, 0 = 4*s + 4*m - 40. List the prime factors of s.
5
What are the prime factors of (12/5)/(18/585)?
2, 3, 13
Suppose -2*b = 3*b - 445. List the prime factors of b.
89
Let c = 1 - 2. Let n be (1 + -1 + 6)*c. What are the prime factors of (-128)/(-6) + 2/n?
3, 7
Let q be ((-2)/(-2))/(-1) - -9. Let s = -12 - -30. Let t = s - q. What are the prime factors of t?
2, 5
Let w(v) = -3 + 7 + v**2 - 12*v - 2 + 15*v. List the prime factors of w(-3).
2
Let m(s) be the third derivative of s**6/120 - s**5/60 + 7*s**3/6 + s**2. Let l be m(0). Suppose -a + 2*a = l. List the prime factors of a.
7
Let d = -45 + 56. List the prime factors of d.
11
Let h(a) = -4*a**3 + 2*a**2 - 3*a. Let y be h(-3). Suppose 3*j = 8*j - y. What are the prime factors of j?
3
Let k = 0 + 2. Suppose -9 = -3*d, -2*g + 2*d + 3 - 1 = 0. Let m = g - k. What are the prime factors of m?
2
Suppose 10 = z - 7*p + 2*p, 5*z - 2*p = 142. List the prime factors of z.
2, 3, 5
Let f(c) = c**2 - 16*c + 12. What are the prime factors of f(17)?
29
Let t = 335 - 193. What are the prime factors of t?
2, 71
Let k be (-10)/(-15)*-1*3. What are the prime factors of (2 + 33)*k/(-5)?
2, 7
Let p(y) = 33 + 4*y**2 - 33. Let g be 2 - (0 + (3 - 2)). List the prime factors of p(g).
2
Let q(r) = -4*r**2 + 8*r - 4. Let p(h) = h**2 - h. Let m(x) = -2*p(x) - q(x). Suppose -3*z - 16 = -7*z. List the prime factors of m(z).
2, 3
Let y(t) = -t**2 + 11*t + 18. What are the prime factors of y(11)?
2, 3
Let b(r) = 18*r**2 + 6*r - 1. What are the prime factors of b(-3)?
11, 13
Suppose -2*w = 2*w. Suppose -2*d + 9 + 15 = w. List the prime factors of (d/3)/(3 - 1).
2
List the prime factors of (36/(-16) - -2)/(1/(-212)).
53
Let a(q) = -q**2 + 8*q + 5. What are the prime factors of a(6)?
17
Suppose -2*r + 5*u = 2*r - 103, 2*r - 53 = 3*u. List the prime factors of r